{"id":6983,"date":"2023-08-19T19:26:14","date_gmt":"2023-08-19T17:26:14","guid":{"rendered":"https:\/\/www.bechmann.org\/amphibium\/?page_id=6983"},"modified":"2024-04-21T16:38:44","modified_gmt":"2024-04-21T14:38:44","slug":"krav-maga-videos","status":"publish","type":"page","link":"https:\/\/www.bechmann.org\/amphibium\/roninkravmaga\/krav-maga\/krav-maga-videos\/","title":{"rendered":"Krav Maga-Videos"},"content":{"rendered":"\n<p>Beispiel-Videos f\u00fcr Trainings unter realen Bedingungen &#8211; outdoor &amp; indoor<\/p>\n\n\n\n<figure class=\"wp-block-embed is-type-video is-provider-youtube wp-block-embed-youtube wp-embed-aspect-4-3 wp-has-aspect-ratio\"><div class=\"wp-block-embed__wrapper\">\n<span class=\"embed-youtube\" style=\"text-align:center; display: block;\"><iframe loading=\"lazy\" class=\"youtube-player\" width=\"625\" height=\"352\" src=\"https:\/\/www.youtube.com\/embed\/u4g3g2gVAwo?version=3&#038;rel=1&#038;showsearch=0&#038;showinfo=1&#038;iv_load_policy=1&#038;fs=1&#038;hl=de-DE&#038;autohide=2&#038;wmode=transparent\" allowfullscreen=\"true\" style=\"border:0;\" sandbox=\"allow-scripts allow-same-origin allow-popups allow-presentation allow-popups-to-escape-sandbox\"><\/iframe><\/span>\n<\/div><figcaption class=\"wp-element-caption\">Frauen-Selbstverteidigung<\/figcaption><\/figure>\n\n\n\n<figure class=\"wp-block-embed is-type-video is-provider-youtube wp-block-embed-youtube wp-embed-aspect-4-3 wp-has-aspect-ratio\"><div class=\"wp-block-embed__wrapper\">\n<span class=\"embed-youtube\" style=\"text-align:center; display: block;\"><iframe loading=\"lazy\" class=\"youtube-player\" width=\"625\" height=\"352\" src=\"https:\/\/www.youtube.com\/embed\/59_Att7aKLo?version=3&#038;rel=1&#038;showsearch=0&#038;showinfo=1&#038;iv_load_policy=1&#038;fs=1&#038;hl=de-DE&#038;autohide=2&#038;wmode=transparent\" allowfullscreen=\"true\" style=\"border:0;\" sandbox=\"allow-scripts allow-same-origin allow-popups allow-presentation allow-popups-to-escape-sandbox\"><\/iframe><\/span>\n<\/div><figcaption class=\"wp-element-caption\">CQC-Indoor-Training in einem Abbruchhaus<\/figcaption><\/figure>\n","protected":false},"excerpt":{"rendered":"<p>Beispiel-Videos f\u00fcr Trainings unter realen Bedingungen &#8211; outdoor &amp; indoor<\/p>\n","protected":false},"author":1,"featured_media":0,"parent":6961,"menu_order":1,"comment_status":"closed","ping_status":"closed","template":"","meta":{"jetpack_post_was_ever_published":false,"footnotes":""},"class_list":["post-6983","page","type-page","status-publish","hentry"],"jetpack_shortlink":"https:\/\/wp.me\/P4DyUk-1OD","jetpack-related-posts":[{"id":9581,"url":"https:\/\/www.bechmann.org\/amphibium\/roninkravmaga\/prepping\/","url_meta":{"origin":6983,"position":0},"title":"Gentle Prepping","author":"Oliver","date":"6. Juni 2025","format":false,"excerpt":"https:\/\/youtu.be\/xtNIJRbErvE?feature=shared Mitte der 1980er Jahre wollte ich mit meinem Enduro-Motorrad um die Welt reisen, da erschien es mir dienlich, einen Survivalkurs zu absolvieren. Damals war Volker Lapp ein guter Name in dieser Szene (und ist es heute noch), der einen \"Expeditionskurs\" im verschneiten Hunsr\u00fcck anbot. \"Survival\", so meinte er damals,\u2026","rel":"","context":"\u00c4hnlicher Beitrag","block_context":{"text":"\u00c4hnlicher Beitrag","link":""},"img":{"alt_text":"","src":"https:\/\/i0.wp.com\/img.youtube.com\/vi\/xtNIJRbErvE\/0.jpg?resize=350%2C200","width":350,"height":200},"classes":[]},{"id":337,"url":"https:\/\/www.bechmann.org\/amphibium\/impressum-kontakt\/datenschutzerklaerung\/","url_meta":{"origin":6983,"position":1},"title":"Datenschutzerkl\u00e4rung","author":"Oliver","date":"31. August 2014","format":false,"excerpt":"Datenschutzerkl\u00e4rung Diese Datenschutzerkl\u00e4rung kl\u00e4rt Sie \u00fcber die Art, den Umfang und Zweck der Verarbeitung von personenbezogenen Daten (nachfolgend kurz \u201eDaten\u201c) innerhalb unseres Onlineangebotes und der mit ihm verbundenen Webseiten, Funktionen und Inhalte sowie externen Onlinepr\u00e4senzen, wie z.B. unser Social Media Profile auf. (nachfolgend gemeinsam bezeichnet als \u201eOnlineangebot\u201c). Im Hinblick auf\u2026","rel":"","context":"\u00c4hnlicher Beitrag","block_context":{"text":"\u00c4hnlicher Beitrag","link":""},"img":{"alt_text":"","src":"","width":0,"height":0},"classes":[]},{"id":6973,"url":"https:\/\/www.bechmann.org\/amphibium\/roninkravmaga\/krav-maga\/krav-maga-seminare-kurse\/","url_meta":{"origin":6983,"position":2},"title":"Krav Maga-Seminare &amp; Kurse","author":"Oliver","date":"19. August 2023","format":false,"excerpt":"Seminare & Kurse, Workshops & Camps werden an verschiedenen Indoor- & Outdoor-Locations im Rhein-Main-Gebiet veranstaltet und k\u00f6nnen au\u00dferdem von Sport- und anderen Vereinen, Kampfsportclubs und Fitnessstudios, Beh\u00f6rden, Firmen, Ausbildungs- und Privatgruppen in deren R\u00e4umen \u2013 je nach Interesse und Vorerfahrung der Teilnehmer \u2013 gebucht werden. Ihre Ausrichtung richtet sich nach\u2026","rel":"","context":"\u00c4hnlicher Beitrag","block_context":{"text":"\u00c4hnlicher Beitrag","link":""},"img":{"alt_text":"","src":"","width":0,"height":0},"classes":[]}],"jetpack_sharing_enabled":true,"_links":{"self":[{"href":"https:\/\/www.bechmann.org\/amphibium\/wp-json\/wp\/v2\/pages\/6983","targetHints":{"allow":["GET"]}}],"collection":[{"href":"https:\/\/www.bechmann.org\/amphibium\/wp-json\/wp\/v2\/pages"}],"about":[{"href":"https:\/\/www.bechmann.org\/amphibium\/wp-json\/wp\/v2\/types\/page"}],"author":[{"embeddable":true,"href":"https:\/\/www.bechmann.org\/amphibium\/wp-json\/wp\/v2\/users\/1"}],"replies":[{"embeddable":true,"href":"https:\/\/www.bechmann.org\/amphibium\/wp-json\/wp\/v2\/comments?post=6983"}],"version-history":[{"count":3,"href":"https:\/\/www.bechmann.org\/amphibium\/wp-json\/wp\/v2\/pages\/6983\/revisions"}],"predecessor-version":[{"id":8039,"href":"https:\/\/www.bechmann.org\/amphibium\/wp-json\/wp\/v2\/pages\/6983\/revisions\/8039"}],"up":[{"embeddable":true,"href":"https:\/\/www.bechmann.org\/amphibium\/wp-json\/wp\/v2\/pages\/6961"}],"wp:attachment":[{"href":"https:\/\/www.bechmann.org\/amphibium\/wp-json\/wp\/v2\/media?parent=6983"}],"curies":[{"name":"wp","href":"https:\/\/api.w.org\/{rel}","templated":true}]}}

<p>Beispiel-Videos für Trainings unter realen Bedingungen &#8211; outdoor &amp; indoor</p>



<figure class="wp-block-embed is-type-video is-provider-youtube wp-block-embed-youtube wp-embed-aspect-4-3 wp-has-aspect-ratio"><div class="wp-block-embed__wrapper">
<span class="embed-youtube" style="text-align:center; display: block;"><iframe loading="lazy" class="youtube-player" width="625" height="352" src="https://www.youtube.com/embed/u4g3g2gVAwo?version=3&#038;rel=1&#038;showsearch=0&#038;showinfo=1&#038;iv_load_policy=1&#038;fs=1&#038;hl=de-DE&#038;autohide=2&#038;wmode=transparent" allowfullscreen="true" style="border:0;" sandbox="allow-scripts allow-same-origin allow-popups allow-presentation allow-popups-to-escape-sandbox"></iframe></span>
</div><figcaption class="wp-element-caption">Frauen-Selbstverteidigung</figcaption></figure>



<figure class="wp-block-embed is-type-video is-provider-youtube wp-block-embed-youtube wp-embed-aspect-4-3 wp-has-aspect-ratio"><div class="wp-block-embed__wrapper">
<span class="embed-youtube" style="text-align:center; display: block;"><iframe loading="lazy" class="youtube-player" width="625" height="352" src="https://www.youtube.com/embed/59_Att7aKLo?version=3&#038;rel=1&#038;showsearch=0&#038;showinfo=1&#038;iv_load_policy=1&#038;fs=1&#038;hl=de-DE&#038;autohide=2&#038;wmode=transparent" allowfullscreen="true" style="border:0;" sandbox="allow-scripts allow-same-origin allow-popups allow-presentation allow-popups-to-escape-sandbox"></iframe></span>
</div><figcaption class="wp-element-caption">CQC-Indoor-Training in einem Abbruchhaus</figcaption></figure>

<p>Beispiel-Videos für Trainings unter realen Bedingungen &#8211; outdoor &amp; indoor</p>

https://youtu.be/xtNIJRbErvE?feature=shared Mitte der 1980er Jahre wollte ich mit meinem Enduro-Motorrad um die Welt reisen, da erschien es mir dienlich, einen Survivalkurs zu absolvieren. Damals war Volker Lapp ein guter Name in dieser Szene (und ist es heute noch), der einen "Expeditionskurs" im verschneiten Hunsrück anbot. "Survival", so meinte er damals,…

Ähnlicher Beitrag

Datenschutzerklärung

Datenschutzerklärung Diese Datenschutzerklärung klärt Sie über die Art, den Umfang und Zweck der Verarbeitung von personenbezogenen Daten (nachfolgend kurz „Daten“) innerhalb unseres Onlineangebotes und der mit ihm verbundenen Webseiten, Funktionen und Inhalte sowie externen Onlinepräsenzen, wie z.B. unser Social Media Profile auf. (nachfolgend gemeinsam bezeichnet als „Onlineangebot“). Im Hinblick auf…

Seminare & Kurse, Workshops & Camps werden an verschiedenen Indoor- & Outdoor-Locations im Rhein-Main-Gebiet veranstaltet und können außerdem von Sport- und anderen Vereinen, Kampfsportclubs und Fitnessstudios, Behörden, Firmen, Ausbildungs- und Privatgruppen in deren Räumen – je nach Interesse und Vorerfahrung der Teilnehmer – gebucht werden. Ihre Ausrichtung richtet sich nach…
