{"id":6979,"date":"2023-08-19T19:07:42","date_gmt":"2023-08-19T17:07:42","guid":{"rendered":"https:\/\/www.bechmann.org\/amphibium\/?page_id=6979"},"modified":"2024-04-27T20:08:26","modified_gmt":"2024-04-27T18:08:26","slug":"mbsr-achtsamkeitsschulung","status":"publish","type":"page","link":"https:\/\/www.bechmann.org\/amphibium\/roninkravmaga\/mindfulness-based-stress-reduction-mbsr\/mbsr-achtsamkeitsschulung\/","title":{"rendered":"MBSR-Achtsamkeitsschulung"},"content":{"rendered":"\n<p>Achtsamkeit nach dem MBSR-Programm ist ein seit 30 Jahren erprobtes und wissenschaftlich evaluiertes Verfahren, mit dem unvermeidlichen Stress und Schmerz im Leben besser umgehen zu lernen. Entwickelt wurde das \u201eMindfulness-Based-Stress-Reduction\u201c-Training von Jon Kabat-Zinn, einem Verhaltensmediziner und Molekularbiologen.<\/p>\n\n\n\n<p>Im achtw\u00f6chigen MBSR-Training lernt man ein kraftvolles, neurowissenschaftlich fundiertes Stressmanagement kennen, das hilft, Klarheit und Gelassenheit zu erlangen. Die Teilnehmer \u00fcben mit Hilfe eines straffen Curriculums, sich auf sich selbst zu konzentrieren. Der Kurs vereint Ans\u00e4tze aus Hirnforschung und Neurowissenschaft, Psychologie und P\u00e4dagogik genauso wie traditionelle meditative und kontemplative Techniken aus verschiedenen Kulturkreisen.<\/p>\n\n\n\n<p>Eine geduldige, gelassene innere Haltung erkennt an, dass alles im Leben seine Zeit hat und dass sich alles entfaltet, wenn der richtige Moment daf\u00fcr gekommen ist. In unserer t\u00e4glichen Praxis bedeutet Gelassen-Sein, nicht sofort reaktiv auf alles anzuspringen, was uns begegnet, sondern innere Ruhe und Ausgeglichenheit zu kultivieren.<\/p>\n\n\n\n<p>Auch wenn wir das Ziel haben, gelassener und ruhiger zu werden, geht es darum, in der Meditation selbst absichtslos zu sein und die Dinge so anzuerkennen, wie sie gerade sind. Woanders hingelangen zu wollen, tr\u00e4gt uns davon in eine imagin\u00e4re Zukunft \u2013 und damit verlieren wir den einzigen Zeitpunkt, in dem wir wirklich etwas tun k\u00f6nnen: den gegenw\u00e4rtigen Moment.<\/p>\n\n\n\n<blockquote class=\"wp-block-quote is-layout-flow wp-block-quote-is-layout-flow\">\n<p>your thoughts strenghten or weaken you and determine the direction in which you go.<\/p>\n<cite>Jerry Lynch, Chungliang Al Huang: <em>Spirit of the Dancing Warrior<\/em><\/cite><\/blockquote>\n\n\n\n<p>Unser Geist unterliegt der Angewohnheit sich an manchen Dingen festzuklammern und andere Dinge um jeden Preis zu vermeiden. Diese los zu lassen meint nicht wegwerfen. Es bedeutet, festgefahrene, verh\u00e4rtete Ansichten, Denkmuster und Verhaltensweisen zu erkennen (und anzuerkennen) und ihnen keine weitere Bedeutung zuzumessen. Stattdessen wird der Geist freigehalten f\u00fcr die urteilsfreie, ungetr\u00fcbte Wahrnehmung des inneren und \u00e4u\u00dferen Geschehens im gegenw\u00e4rtigen Moment.<\/p>\n\n\n\n<p>Dort zu beginnen wo wir sind, bedeutet zum Beispiel Verlust, Krankheit, \u00dcbergewicht oder eine schwierige Lebenssituation anzuerkennen, wie sie ist. Anerkennen bedeutet nicht zwangsweise \u201egut finden\u201c. Es bedeutet, einem schmerzhaften Status quo nicht noch zus\u00e4tzlich inneren Widerstand entgegenzusetzen. In der Haltung des Anerkennens h\u00f6ren wir auf, uns gegen das Sosein der Dinge aufzulehnen.<\/p>\n\n\n\n<p>Generell zum Achtsamkeitstraining im MBSR-Achtwochenkurs: siehe Homepage des <a href=\"http:\/\/www.mbsr-verband.de\/\" target=\"_blank\" rel=\"noreferrer noopener\">MBSR-MBCT-Verbandes\u2026 (hier klicken)<\/a>,\u2026<\/p>\n\n\n\n<hr class=\"wp-block-separator has-alpha-channel-opacity\"\/>\n\n\n\n<p><strong>Siehe auch folgende Blog-Beitr\u00e4ge:<\/strong><br>&#8211; <a href=\"https:\/\/www.bechmann.org\/amphibium\/mbsr-kurs-stress-und-wie-man-damit-umgeht\/\" data-type=\"post\" data-id=\"6995\">MBSR: Stress, und wie man damit umgeht<\/a><br>&#8211; <a href=\"https:\/\/www.bechmann.org\/amphibium\/krav-maga-mbsr-bei-gewalterfahrung-trauma\/\" data-type=\"post\" data-id=\"6997\">Krav Maga- &amp; MBSR-Kurse bei PTBS<\/a><\/p>\n","protected":false},"excerpt":{"rendered":"<p>Achtsamkeit nach dem MBSR-Programm ist ein seit 30 Jahren erprobtes und wissenschaftlich evaluiertes Verfahren, mit dem unvermeidlichen Stress und Schmerz im Leben besser umgehen zu lernen. Entwickelt wurde das \u201eMindfulness-Based-Stress-Reduction\u201c-Training von Jon Kabat-Zinn, einem Verhaltensmediziner und Molekularbiologen. Im achtw\u00f6chigen MBSR-Training lernt man ein kraftvolles, neurowissenschaftlich fundiertes Stressmanagement kennen, das hilft, Klarheit und Gelassenheit zu erlangen. [&hellip;]<\/p>\n","protected":false},"author":1,"featured_media":7432,"parent":6965,"menu_order":0,"comment_status":"closed","ping_status":"closed","template":"","meta":{"jetpack_post_was_ever_published":false,"footnotes":""},"class_list":["post-6979","page","type-page","status-publish","has-post-thumbnail","hentry"],"jetpack_shortlink":"https:\/\/wp.me\/P4DyUk-1Oz","jetpack-related-posts":[{"id":6965,"url":"https:\/\/www.bechmann.org\/amphibium\/roninkravmaga\/mindfulness-based-stress-reduction-mbsr\/","url_meta":{"origin":6979,"position":0},"title":"Mindfulness Based Stress Reduction (MBSR)","author":"Oliver","date":"19. August 2023","format":false,"excerpt":"Stress im Job oder Verlust des Arbeitsplatzes, Beziehung gescheitert oder \u00c4rger mit dem Nachwuchs, demente Eltern, eine lebensbedrohliche Krankheit \u2013 das\u00a0\u00a0kann jede und jeden treffen. Manche Menschen zerbrechen an Schicksalsschl\u00e4gen, werden drogen-, alkohol- oder medikamentenabh\u00e4ngig, verfallen in Burn-out und Depression. Andere haben st\u00e4rkere Ressourcen, um Krisen zu \u00fcberstehen: Diese innere\u2026","rel":"","context":"\u00c4hnlicher Beitrag","block_context":{"text":"\u00c4hnlicher Beitrag","link":""},"img":{"alt_text":"","src":"https:\/\/i0.wp.com\/www.bechmann.org\/amphibium\/wp-content\/uploads\/cropped-RKM_Graphik_schmal-1.jpg?fit=1200%2C496&ssl=1&resize=350%2C200","width":350,"height":200,"srcset":"https:\/\/i0.wp.com\/www.bechmann.org\/amphibium\/wp-content\/uploads\/cropped-RKM_Graphik_schmal-1.jpg?fit=1200%2C496&ssl=1&resize=350%2C200 1x, https:\/\/i0.wp.com\/www.bechmann.org\/amphibium\/wp-content\/uploads\/cropped-RKM_Graphik_schmal-1.jpg?fit=1200%2C496&ssl=1&resize=525%2C300 1.5x, https:\/\/i0.wp.com\/www.bechmann.org\/amphibium\/wp-content\/uploads\/cropped-RKM_Graphik_schmal-1.jpg?fit=1200%2C496&ssl=1&resize=700%2C400 2x, https:\/\/i0.wp.com\/www.bechmann.org\/amphibium\/wp-content\/uploads\/cropped-RKM_Graphik_schmal-1.jpg?fit=1200%2C496&ssl=1&resize=1050%2C600 3x"},"classes":[]},{"id":6977,"url":"https:\/\/www.bechmann.org\/amphibium\/roninkravmaga\/coyote-mentoring-wildnispaedagogik\/achtsamkeit-in-der-wildnis\/","url_meta":{"origin":6979,"position":1},"title":"Achtsamkeit in der Wildnis","author":"Oliver","date":"19. August 2023","format":false,"excerpt":"K\u00e4mpfe um Leib und Leben sind existentiell, sie gehen in extremer Weise an unsere \u00e4u\u00dfere wie an unsere innere Natur \u2013 K\u00f6rper und Geist\/Seele. Alltagsk\u00e4mpfe in Beruf, Familie und Freizeit zerren an den Nerven, \u201cgehen an die Nieren\u201d. Diesen Beanspruchungen und Herausforderungen kann man h\u00e4ufig nicht ausweichen; sie sind oft\u2026","rel":"","context":"\u00c4hnlicher Beitrag","block_context":{"text":"\u00c4hnlicher Beitrag","link":""},"img":{"alt_text":"","src":"https:\/\/i0.wp.com\/www.bechmann.org\/amphibium\/wp-content\/uploads\/cropped-RKM_Graphik_schmal-1.jpg?fit=1200%2C496&ssl=1&resize=350%2C200","width":350,"height":200,"srcset":"https:\/\/i0.wp.com\/www.bechmann.org\/amphibium\/wp-content\/uploads\/cropped-RKM_Graphik_schmal-1.jpg?fit=1200%2C496&ssl=1&resize=350%2C200 1x, https:\/\/i0.wp.com\/www.bechmann.org\/amphibium\/wp-content\/uploads\/cropped-RKM_Graphik_schmal-1.jpg?fit=1200%2C496&ssl=1&resize=525%2C300 1.5x, https:\/\/i0.wp.com\/www.bechmann.org\/amphibium\/wp-content\/uploads\/cropped-RKM_Graphik_schmal-1.jpg?fit=1200%2C496&ssl=1&resize=700%2C400 2x, https:\/\/i0.wp.com\/www.bechmann.org\/amphibium\/wp-content\/uploads\/cropped-RKM_Graphik_schmal-1.jpg?fit=1200%2C496&ssl=1&resize=1050%2C600 3x"},"classes":[]},{"id":6975,"url":"https:\/\/www.bechmann.org\/amphibium\/roninkravmaga\/mindfulness-based-stress-reduction-mbsr\/mind-fitness-workshops\/","url_meta":{"origin":6979,"position":2},"title":"Mind Fitness Workshops","author":"Oliver","date":"19. August 2023","format":false,"excerpt":"Workshop: Mind Fitness for Fighters (MFF) Mentales Training kann physisches nicht ersetzen, wohl aber sinnvoll erg\u00e4nzen. Neben den motorischen Fertigkeiten muss jeder Kampf- und Selbstverteidigungs-Sportler auch die psychischen Prozesse, die seine Bewegungen steuern, regelm\u00e4\u00dfig und intensiv trainieren. Beim mentalen Training geht es nicht darum, sich das eigene Leistungsverm\u00f6gen sch\u00f6nzureden oder\u2026","rel":"","context":"\u00c4hnlicher Beitrag","block_context":{"text":"\u00c4hnlicher Beitrag","link":""},"img":{"alt_text":"","src":"https:\/\/i0.wp.com\/www.bechmann.org\/amphibium\/wp-content\/uploads\/cropped-RKM_Graphik_schmal-1.jpg?fit=1200%2C496&ssl=1&resize=350%2C200","width":350,"height":200,"srcset":"https:\/\/i0.wp.com\/www.bechmann.org\/amphibium\/wp-content\/uploads\/cropped-RKM_Graphik_schmal-1.jpg?fit=1200%2C496&ssl=1&resize=350%2C200 1x, https:\/\/i0.wp.com\/www.bechmann.org\/amphibium\/wp-content\/uploads\/cropped-RKM_Graphik_schmal-1.jpg?fit=1200%2C496&ssl=1&resize=525%2C300 1.5x, https:\/\/i0.wp.com\/www.bechmann.org\/amphibium\/wp-content\/uploads\/cropped-RKM_Graphik_schmal-1.jpg?fit=1200%2C496&ssl=1&resize=700%2C400 2x, https:\/\/i0.wp.com\/www.bechmann.org\/amphibium\/wp-content\/uploads\/cropped-RKM_Graphik_schmal-1.jpg?fit=1200%2C496&ssl=1&resize=1050%2C600 3x"},"classes":[]},{"id":2,"url":"https:\/\/www.bechmann.org\/amphibium\/ueberdasamphibium\/","url_meta":{"origin":6979,"position":3},"title":"\u00dcber uns","author":"Oliver","date":"15. Mai 2014","format":false,"excerpt":"Das Amphibium - mobiles Leben zu Land, Wasser, Luft Ein Amphibium ist ein Lebewesen, das sowohl im Wasser, am Wasser und an Land lebt und in beiden Sph\u00e4ren gleicherma\u00dfen existieren kann. Luft braucht es zum Atmen, aber es kann nicht fliegen. Dornier Flugboot Do 24 ATT Als Anfang des vorigen\u2026","rel":"","context":"\u00c4hnlicher Beitrag","block_context":{"text":"\u00c4hnlicher Beitrag","link":""},"img":{"alt_text":"","src":"https:\/\/i0.wp.com\/www.bechmann.org\/amphibium\/wp-content\/uploads\/ojbNr5_kl.jpeg?resize=350%2C200&ssl=1","width":350,"height":200,"srcset":"https:\/\/i0.wp.com\/www.bechmann.org\/amphibium\/wp-content\/uploads\/ojbNr5_kl.jpeg?resize=350%2C200&ssl=1 1x, https:\/\/i0.wp.com\/www.bechmann.org\/amphibium\/wp-content\/uploads\/ojbNr5_kl.jpeg?resize=525%2C300&ssl=1 1.5x, https:\/\/i0.wp.com\/www.bechmann.org\/amphibium\/wp-content\/uploads\/ojbNr5_kl.jpeg?resize=700%2C400&ssl=1 2x, https:\/\/i0.wp.com\/www.bechmann.org\/amphibium\/wp-content\/uploads\/ojbNr5_kl.jpeg?resize=1050%2C600&ssl=1 3x, https:\/\/i0.wp.com\/www.bechmann.org\/amphibium\/wp-content\/uploads\/ojbNr5_kl.jpeg?resize=1400%2C800&ssl=1 4x"},"classes":[]},{"id":6959,"url":"https:\/\/www.bechmann.org\/amphibium\/roninkravmaga\/","url_meta":{"origin":6979,"position":4},"title":"roninkravmaga","author":"Oliver","date":"17. August 2023","format":false,"excerpt":"[Das Nachfolge-Projekt des Krav Maga Centers Frankfurt\/Rhein-Main] r\u014dnin \u6d6a\u4eba, jap. w\u00f6rtl. \u201eWellenmann\u201c, lit. \u201eumherwandernde Person\u201ckrav maga \u05e7\u05e8\u05d1 \u05de\u05d2\u05e2 , hebr., w\u00f6rtl. \u201eKontaktkampf\u201c roninkravmaga bietet als mobile Schule Seminare & Kurse, Workshops & Camps zur k\u00f6rperlichen, seelischen & geistigen Fitness in herausfordernden Umst\u00e4nden an. Dabei geht es nicht nur um physisches\u2026","rel":"","context":"In &quot;Land&quot;","block_context":{"text":"Land","link":"https:\/\/www.bechmann.org\/amphibium\/category\/land\/"},"img":{"alt_text":"","src":"https:\/\/i0.wp.com\/www.bechmann.org\/amphibium\/wp-content\/uploads\/cropped-RKM_Graphik_schmal-1.jpg?fit=1200%2C496&ssl=1&resize=350%2C200","width":350,"height":200,"srcset":"https:\/\/i0.wp.com\/www.bechmann.org\/amphibium\/wp-content\/uploads\/cropped-RKM_Graphik_schmal-1.jpg?fit=1200%2C496&ssl=1&resize=350%2C200 1x, https:\/\/i0.wp.com\/www.bechmann.org\/amphibium\/wp-content\/uploads\/cropped-RKM_Graphik_schmal-1.jpg?fit=1200%2C496&ssl=1&resize=525%2C300 1.5x, https:\/\/i0.wp.com\/www.bechmann.org\/amphibium\/wp-content\/uploads\/cropped-RKM_Graphik_schmal-1.jpg?fit=1200%2C496&ssl=1&resize=700%2C400 2x, https:\/\/i0.wp.com\/www.bechmann.org\/amphibium\/wp-content\/uploads\/cropped-RKM_Graphik_schmal-1.jpg?fit=1200%2C496&ssl=1&resize=1050%2C600 3x"},"classes":[]},{"id":6967,"url":"https:\/\/www.bechmann.org\/amphibium\/roninkravmaga\/coyote-mentoring-wildnispaedagogik\/","url_meta":{"origin":6979,"position":5},"title":"Coyote Mentoring (Wildnisp\u00e4dagogik)","author":"Oliver","date":"19. August 2023","format":false,"excerpt":"Menschen sollten sich mit der Natur verbinden, um Kreativit\u00e4t und Phantasie, innere Ruhe und Reichtum, Spontanit\u00e4t und die F\u00e4higkeit zu entwickeln, mit unvorhergesehenen oder sich unvermutet \u00e4ndernden Situationen umzugehen. Naturwissen und Verbindungen zur Natur wurden bei so genannten archaischen J\u00e4ger- und Sammlerv\u00f6lkern von Generation zu Generation weitergegeben. Leben und Lernen\u2026","rel":"","context":"\u00c4hnlicher Beitrag","block_context":{"text":"\u00c4hnlicher Beitrag","link":""},"img":{"alt_text":"","src":"https:\/\/i0.wp.com\/www.bechmann.org\/amphibium\/wp-content\/uploads\/cropped-RKM_Graphik_schmal-1.jpg?fit=1200%2C496&ssl=1&resize=350%2C200","width":350,"height":200,"srcset":"https:\/\/i0.wp.com\/www.bechmann.org\/amphibium\/wp-content\/uploads\/cropped-RKM_Graphik_schmal-1.jpg?fit=1200%2C496&ssl=1&resize=350%2C200 1x, https:\/\/i0.wp.com\/www.bechmann.org\/amphibium\/wp-content\/uploads\/cropped-RKM_Graphik_schmal-1.jpg?fit=1200%2C496&ssl=1&resize=525%2C300 1.5x, https:\/\/i0.wp.com\/www.bechmann.org\/amphibium\/wp-content\/uploads\/cropped-RKM_Graphik_schmal-1.jpg?fit=1200%2C496&ssl=1&resize=700%2C400 2x, https:\/\/i0.wp.com\/www.bechmann.org\/amphibium\/wp-content\/uploads\/cropped-RKM_Graphik_schmal-1.jpg?fit=1200%2C496&ssl=1&resize=1050%2C600 3x"},"classes":[]}],"jetpack_sharing_enabled":true,"_links":{"self":[{"href":"https:\/\/www.bechmann.org\/amphibium\/wp-json\/wp\/v2\/pages\/6979","targetHints":{"allow":["GET"]}}],"collection":[{"href":"https:\/\/www.bechmann.org\/amphibium\/wp-json\/wp\/v2\/pages"}],"about":[{"href":"https:\/\/www.bechmann.org\/amphibium\/wp-json\/wp\/v2\/types\/page"}],"author":[{"embeddable":true,"href":"https:\/\/www.bechmann.org\/amphibium\/wp-json\/wp\/v2\/users\/1"}],"replies":[{"embeddable":true,"href":"https:\/\/www.bechmann.org\/amphibium\/wp-json\/wp\/v2\/comments?post=6979"}],"version-history":[{"count":7,"href":"https:\/\/www.bechmann.org\/amphibium\/wp-json\/wp\/v2\/pages\/6979\/revisions"}],"predecessor-version":[{"id":8172,"href":"https:\/\/www.bechmann.org\/amphibium\/wp-json\/wp\/v2\/pages\/6979\/revisions\/8172"}],"up":[{"embeddable":true,"href":"https:\/\/www.bechmann.org\/amphibium\/wp-json\/wp\/v2\/pages\/6965"}],"wp:featuredmedia":[{"embeddable":true,"href":"https:\/\/www.bechmann.org\/amphibium\/wp-json\/wp\/v2\/media\/7432"}],"wp:attachment":[{"href":"https:\/\/www.bechmann.org\/amphibium\/wp-json\/wp\/v2\/media?parent=6979"}],"curies":[{"name":"wp","href":"https:\/\/api.w.org\/{rel}","templated":true}]}}