{"id":6961,"date":"2023-08-19T18:58:06","date_gmt":"2023-08-19T16:58:06","guid":{"rendered":"https:\/\/www.bechmann.org\/amphibium\/?page_id=6961"},"modified":"2024-04-27T19:59:20","modified_gmt":"2024-04-27T17:59:20","slug":"krav-maga","status":"publish","type":"page","link":"https:\/\/www.bechmann.org\/amphibium\/roninkravmaga\/krav-maga\/","title":{"rendered":"Krav Maga"},"content":{"rendered":"\n<p>Krav Maga ist die Nahkampfmethode des israelischen Milit\u00e4rs. Ihr Begr\u00fcnder Imi Lichtenfeld und sein wichtigster Sch\u00fcler Eyal Yanilov erm\u00f6glichten es Anfang der 90er Jahre des vorigen Jahrhunderts, dass nicht nur professionelle Berufsanwender wie Soldaten, Polizisten, Personensch\u00fctzer und Security-Personal Krav Maga trainieren konnten, sondern weltweit auch Zivilb\u00fcrger. <\/p>\n\n\n\n<p><strong>Was uns wichtig ist:<\/strong><\/p>\n\n\n\n<ul class=\"wp-block-list\">\n<li>Krav Maga ist eine ganz und gar diesseitige Methode zur realit\u00e4tsnahen und praktikablen Selbstverteidigung f\u00fcr Jede\/n.<\/li>\n\n\n\n<li>Krav Maga ist keine spannende Fitness-Methode mit Zusatzgewinnen in Selbstverteidigung, wie sie vielerorts beworben und betrieben wird. Nach unserem Verst\u00e4ndnis ergibt sich physische und psychische Widerstandskraft von selbst aus dem Krav Maga-Training.<\/li>\n\n\n\n<li>Krav Maga ist ein \u00dcberlebenstraining, dessen zentrale Leitmotive \u201eadapting to all circumstances\u201c und \u201ealways expect the unexpected\u201c lauten. Daher halten wir unsere Trainings an verschiedenen Orten zu verschiedenen Zeiten, drau\u00dfen wie drinnen, sommers wie winters, im Hellen wie im Dunklen ab.<\/li>\n<\/ul>\n\n\n\n<blockquote class=\"wp-block-quote is-layout-flow wp-block-quote-is-layout-flow\">\n<p>\u201e<em>perceive all obstacles and mistakes as opportunities to learn and grow; push past your breaking point, have no regrets, and work hard even when others are not looking. \u201e<\/em><\/p>\n<cite>Jerry Lynch, Chungliang Al Huang: <em>Spirit of the Dancing Warrior<\/em><br><\/cite><\/blockquote>\n\n\n\n<p>In diesem Sinne ist Krav Maga nicht blo\u00df eine effektive, schnell zu erlernende Selbstverteidigung, nicht nur ein \u00dcberlebenstraining, sondern ein Lebens-Training schlechthin. Es lehrt uns, mit allen Hindernissen &amp; Herausforderungen des Lebens umzugehen: <em>so you may walk in peace<\/em>, wie das Motto Imi Lichtenfelds lautete.<\/p>\n\n\n\n<hr class=\"wp-block-separator has-alpha-channel-opacity\"\/>\n\n\n\n<p><strong>Siehe auch folgende Blog-Beitr\u00e4ge:<\/strong><br>&#8211; <a href=\"https:\/\/www.bechmann.org\/amphibium\/kmf-geschichte-2002-bis-2020-in-bildern\/\" data-type=\"post\" data-id=\"1245\">Staub und &#8222;Spirit of Masada&#8220;<\/a><br>&#8211; <a href=\"https:\/\/www.bechmann.org\/amphibium\/der-anfang-so-you-may-walk-in-peace\/\" data-type=\"post\" data-id=\"7011\">Der Anfang: So you may walk in peace<\/a><\/p>\n","protected":false},"excerpt":{"rendered":"<p>Krav Maga ist die Nahkampfmethode des israelischen Milit\u00e4rs. Ihr Begr\u00fcnder Imi Lichtenfeld und sein wichtigster Sch\u00fcler Eyal Yanilov erm\u00f6glichten es Anfang der 90er Jahre des vorigen Jahrhunderts, dass nicht nur professionelle Berufsanwender wie Soldaten, Polizisten, Personensch\u00fctzer und Security-Personal Krav Maga trainieren konnten, sondern weltweit auch Zivilb\u00fcrger. Was uns wichtig ist: \u201eperceive all obstacles and mistakes [&hellip;]<\/p>\n","protected":false},"author":1,"featured_media":7432,"parent":6959,"menu_order":1,"comment_status":"closed","ping_status":"closed","template":"","meta":{"jetpack_post_was_ever_published":true,"footnotes":""},"class_list":["post-6961","page","type-page","status-publish","has-post-thumbnail","hentry"],"jetpack_shortlink":"https:\/\/wp.me\/P4DyUk-1Oh","jetpack-related-posts":[{"id":6973,"url":"https:\/\/www.bechmann.org\/amphibium\/roninkravmaga\/krav-maga\/krav-maga-seminare-kurse\/","url_meta":{"origin":6961,"position":0},"title":"Krav Maga-Seminare &amp; Kurse","author":"Oliver","date":"19. August 2023","format":false,"excerpt":"Seminare & Kurse, Workshops & Camps werden an verschiedenen Indoor- & Outdoor-Locations im Rhein-Main-Gebiet veranstaltet und k\u00f6nnen au\u00dferdem von Sport- und anderen Vereinen, Kampfsportclubs und Fitnessstudios, Beh\u00f6rden, Firmen, Ausbildungs- und Privatgruppen in deren R\u00e4umen \u2013 je nach Interesse und Vorerfahrung der Teilnehmer \u2013 gebucht werden. Ihre Ausrichtung richtet sich nach\u2026","rel":"","context":"\u00c4hnlicher Beitrag","block_context":{"text":"\u00c4hnlicher Beitrag","link":""},"img":{"alt_text":"","src":"","width":0,"height":0},"classes":[]},{"id":6983,"url":"https:\/\/www.bechmann.org\/amphibium\/roninkravmaga\/krav-maga\/krav-maga-videos\/","url_meta":{"origin":6961,"position":1},"title":"Krav Maga-Videos","author":"Oliver","date":"19. August 2023","format":false,"excerpt":"Beispiel-Videos f\u00fcr Trainings unter realen Bedingungen - outdoor & indoor https:\/\/youtu.be\/u4g3g2gVAwo Frauen-Selbstverteidigung https:\/\/youtu.be\/59_Att7aKLo CQC-Indoor-Training in einem Abbruchhaus","rel":"","context":"\u00c4hnlicher Beitrag","block_context":{"text":"\u00c4hnlicher Beitrag","link":""},"img":{"alt_text":"","src":"https:\/\/i0.wp.com\/img.youtube.com\/vi\/u4g3g2gVAwo\/0.jpg?resize=350%2C200","width":350,"height":200},"classes":[]},{"id":2,"url":"https:\/\/www.bechmann.org\/amphibium\/ueberdasamphibium\/","url_meta":{"origin":6961,"position":2},"title":"\u00dcber uns","author":"Oliver","date":"15. Mai 2014","format":false,"excerpt":"Das Amphibium - mobiles Leben zu Land, Wasser, Luft Ein Amphibium ist ein Lebewesen, das sowohl im Wasser, am Wasser und an Land lebt und in beiden Sph\u00e4ren gleicherma\u00dfen existieren kann. Luft braucht es zum Atmen, aber es kann nicht fliegen. Dornier Flugboot Do 24 ATT Als Anfang des vorigen\u2026","rel":"","context":"\u00c4hnlicher Beitrag","block_context":{"text":"\u00c4hnlicher Beitrag","link":""},"img":{"alt_text":"","src":"https:\/\/i0.wp.com\/www.bechmann.org\/amphibium\/wp-content\/uploads\/ojbNr5_kl.jpeg?resize=350%2C200&ssl=1","width":350,"height":200,"srcset":"https:\/\/i0.wp.com\/www.bechmann.org\/amphibium\/wp-content\/uploads\/ojbNr5_kl.jpeg?resize=350%2C200&ssl=1 1x, https:\/\/i0.wp.com\/www.bechmann.org\/amphibium\/wp-content\/uploads\/ojbNr5_kl.jpeg?resize=525%2C300&ssl=1 1.5x, https:\/\/i0.wp.com\/www.bechmann.org\/amphibium\/wp-content\/uploads\/ojbNr5_kl.jpeg?resize=700%2C400&ssl=1 2x, https:\/\/i0.wp.com\/www.bechmann.org\/amphibium\/wp-content\/uploads\/ojbNr5_kl.jpeg?resize=1050%2C600&ssl=1 3x, https:\/\/i0.wp.com\/www.bechmann.org\/amphibium\/wp-content\/uploads\/ojbNr5_kl.jpeg?resize=1400%2C800&ssl=1 4x"},"classes":[]},{"id":6963,"url":"https:\/\/www.bechmann.org\/amphibium\/roninkravmaga\/kobudo\/","url_meta":{"origin":6961,"position":3},"title":"Kobudo","author":"Oliver","date":"19. August 2023","format":false,"excerpt":"Kobudo ist ein Teil der traditionellen japanischen Kampfk\u00fcnste und lehrt \u00fcberwiegend den Umgang mit Instrumenten, die die Bauern Okinawas aus agrarischen Hilfsinstrumenten entwickelten. Dazu kommen verschiedene Stock-Formen. (Definition Kobudo in der Wikipedia). Zuweilen \u00fcbt man auch den Umgang mit dem japanischen traditionellen Schwert (Katana), um den Angreifer sinnvoll simulieren zu\u2026","rel":"","context":"\u00c4hnlicher Beitrag","block_context":{"text":"\u00c4hnlicher Beitrag","link":""},"img":{"alt_text":"","src":"https:\/\/i0.wp.com\/www.bechmann.org\/amphibium\/wp-content\/uploads\/cropped-RKM_Graphik_schmal-1.jpg?fit=1200%2C496&ssl=1&resize=350%2C200","width":350,"height":200,"srcset":"https:\/\/i0.wp.com\/www.bechmann.org\/amphibium\/wp-content\/uploads\/cropped-RKM_Graphik_schmal-1.jpg?fit=1200%2C496&ssl=1&resize=350%2C200 1x, https:\/\/i0.wp.com\/www.bechmann.org\/amphibium\/wp-content\/uploads\/cropped-RKM_Graphik_schmal-1.jpg?fit=1200%2C496&ssl=1&resize=525%2C300 1.5x, https:\/\/i0.wp.com\/www.bechmann.org\/amphibium\/wp-content\/uploads\/cropped-RKM_Graphik_schmal-1.jpg?fit=1200%2C496&ssl=1&resize=700%2C400 2x, https:\/\/i0.wp.com\/www.bechmann.org\/amphibium\/wp-content\/uploads\/cropped-RKM_Graphik_schmal-1.jpg?fit=1200%2C496&ssl=1&resize=1050%2C600 3x"},"classes":[]},{"id":6959,"url":"https:\/\/www.bechmann.org\/amphibium\/roninkravmaga\/","url_meta":{"origin":6961,"position":4},"title":"roninkravmaga","author":"Oliver","date":"17. August 2023","format":false,"excerpt":"[Das Nachfolge-Projekt des Krav Maga Centers Frankfurt\/Rhein-Main] r\u014dnin \u6d6a\u4eba, jap. w\u00f6rtl. \u201eWellenmann\u201c, lit. \u201eumherwandernde Person\u201ckrav maga \u05e7\u05e8\u05d1 \u05de\u05d2\u05e2 , hebr., w\u00f6rtl. \u201eKontaktkampf\u201c roninkravmaga bietet als mobile Schule Seminare & Kurse, Workshops & Camps zur k\u00f6rperlichen, seelischen & geistigen Fitness in herausfordernden Umst\u00e4nden an. Dabei geht es nicht nur um physisches\u2026","rel":"","context":"In &quot;Land&quot;","block_context":{"text":"Land","link":"https:\/\/www.bechmann.org\/amphibium\/category\/land\/"},"img":{"alt_text":"","src":"https:\/\/i0.wp.com\/www.bechmann.org\/amphibium\/wp-content\/uploads\/cropped-RKM_Graphik_schmal-1.jpg?fit=1200%2C496&ssl=1&resize=350%2C200","width":350,"height":200,"srcset":"https:\/\/i0.wp.com\/www.bechmann.org\/amphibium\/wp-content\/uploads\/cropped-RKM_Graphik_schmal-1.jpg?fit=1200%2C496&ssl=1&resize=350%2C200 1x, https:\/\/i0.wp.com\/www.bechmann.org\/amphibium\/wp-content\/uploads\/cropped-RKM_Graphik_schmal-1.jpg?fit=1200%2C496&ssl=1&resize=525%2C300 1.5x, https:\/\/i0.wp.com\/www.bechmann.org\/amphibium\/wp-content\/uploads\/cropped-RKM_Graphik_schmal-1.jpg?fit=1200%2C496&ssl=1&resize=700%2C400 2x, https:\/\/i0.wp.com\/www.bechmann.org\/amphibium\/wp-content\/uploads\/cropped-RKM_Graphik_schmal-1.jpg?fit=1200%2C496&ssl=1&resize=1050%2C600 3x"},"classes":[]},{"id":8115,"url":"https:\/\/www.bechmann.org\/amphibium\/roninkravmaga\/krav-maga\/krav-maga-fotogalerie\/","url_meta":{"origin":6961,"position":5},"title":"Krav Maga-Fotogalerie","author":"Oliver","date":"27. April 2024","format":false,"excerpt":"","rel":"","context":"\u00c4hnlicher Beitrag","block_context":{"text":"\u00c4hnlicher Beitrag","link":""},"img":{"alt_text":"","src":"https:\/\/i0.wp.com\/www.bechmann.org\/amphibium\/wp-content\/uploads\/startseite4.jpg?resize=350%2C200&ssl=1","width":350,"height":200,"srcset":"https:\/\/i0.wp.com\/www.bechmann.org\/amphibium\/wp-content\/uploads\/startseite4.jpg?resize=350%2C200&ssl=1 1x, https:\/\/i0.wp.com\/www.bechmann.org\/amphibium\/wp-content\/uploads\/startseite4.jpg?resize=525%2C300&ssl=1 1.5x, https:\/\/i0.wp.com\/www.bechmann.org\/amphibium\/wp-content\/uploads\/startseite4.jpg?resize=700%2C400&ssl=1 2x, https:\/\/i0.wp.com\/www.bechmann.org\/amphibium\/wp-content\/uploads\/startseite4.jpg?resize=1050%2C600&ssl=1 3x"},"classes":[]}],"jetpack_sharing_enabled":true,"_links":{"self":[{"href":"https:\/\/www.bechmann.org\/amphibium\/wp-json\/wp\/v2\/pages\/6961","targetHints":{"allow":["GET"]}}],"collection":[{"href":"https:\/\/www.bechmann.org\/amphibium\/wp-json\/wp\/v2\/pages"}],"about":[{"href":"https:\/\/www.bechmann.org\/amphibium\/wp-json\/wp\/v2\/types\/page"}],"author":[{"embeddable":true,"href":"https:\/\/www.bechmann.org\/amphibium\/wp-json\/wp\/v2\/users\/1"}],"replies":[{"embeddable":true,"href":"https:\/\/www.bechmann.org\/amphibium\/wp-json\/wp\/v2\/comments?post=6961"}],"version-history":[{"count":8,"href":"https:\/\/www.bechmann.org\/amphibium\/wp-json\/wp\/v2\/pages\/6961\/revisions"}],"predecessor-version":[{"id":8168,"href":"https:\/\/www.bechmann.org\/amphibium\/wp-json\/wp\/v2\/pages\/6961\/revisions\/8168"}],"up":[{"embeddable":true,"href":"https:\/\/www.bechmann.org\/amphibium\/wp-json\/wp\/v2\/pages\/6959"}],"wp:featuredmedia":[{"embeddable":true,"href":"https:\/\/www.bechmann.org\/amphibium\/wp-json\/wp\/v2\/media\/7432"}],"wp:attachment":[{"href":"https:\/\/www.bechmann.org\/amphibium\/wp-json\/wp\/v2\/media?parent=6961"}],"curies":[{"name":"wp","href":"https:\/\/api.w.org\/{rel}","templated":true}]}}

<p>Krav Maga ist die Nahkampfmethode des israelischen Militärs. Ihr Begründer Imi Lichtenfeld und sein wichtigster Schüler Eyal Yanilov ermöglichten es Anfang der 90er Jahre des vorigen Jahrhunderts, dass nicht nur professionelle Berufsanwender wie Soldaten, Polizisten, Personenschützer und Security-Personal Krav Maga trainieren konnten, sondern weltweit auch Zivilbürger. </p>



<p><strong>Was uns wichtig ist:</strong></p>



<ul class="wp-block-list">
<li>Krav Maga ist eine ganz und gar diesseitige Methode zur realitätsnahen und praktikablen Selbstverteidigung für Jede/n.</li>



<li>Krav Maga ist keine spannende Fitness-Methode mit Zusatzgewinnen in Selbstverteidigung, wie sie vielerorts beworben und betrieben wird. Nach unserem Verständnis ergibt sich physische und psychische Widerstandskraft von selbst aus dem Krav Maga-Training.</li>



<li>Krav Maga ist ein Überlebenstraining, dessen zentrale Leitmotive „adapting to all circumstances“ und „always expect the unexpected“ lauten. Daher halten wir unsere Trainings an verschiedenen Orten zu verschiedenen Zeiten, draußen wie drinnen, sommers wie winters, im Hellen wie im Dunklen ab.</li>
</ul>



<blockquote class="wp-block-quote is-layout-flow wp-block-quote-is-layout-flow">
<p>„<em>perceive all obstacles and mistakes as opportunities to learn and grow; push past your breaking point, have no regrets, and work hard even when others are not looking. „</em></p>
<cite>Jerry Lynch, Chungliang Al Huang: <em>Spirit of the Dancing Warrior</em><br></cite></blockquote>



<p>In diesem Sinne ist Krav Maga nicht bloß eine effektive, schnell zu erlernende Selbstverteidigung, nicht nur ein Überlebenstraining, sondern ein Lebens-Training schlechthin. Es lehrt uns, mit allen Hindernissen &amp; Herausforderungen des Lebens umzugehen: <em>so you may walk in peace</em>, wie das Motto Imi Lichtenfelds lautete.</p>



<hr class="wp-block-separator has-alpha-channel-opacity"/>



<p><strong>Siehe auch folgende Blog-Beiträge:</strong><br>&#8211; <a href="https://www.bechmann.org/amphibium/kmf-geschichte-2002-bis-2020-in-bildern/" data-type="post" data-id="1245">Staub und &#8222;Spirit of Masada&#8220;</a><br>&#8211; <a href="https://www.bechmann.org/amphibium/der-anfang-so-you-may-walk-in-peace/" data-type="post" data-id="7011">Der Anfang: So you may walk in peace</a></p>

<p>Krav Maga ist die Nahkampfmethode des israelischen Militärs. Ihr Begründer Imi Lichtenfeld und sein wichtigster Schüler Eyal Yanilov ermöglichten es Anfang der 90er Jahre des vorigen Jahrhunderts, dass nicht nur professionelle Berufsanwender wie Soldaten, Polizisten, Personenschützer und Security-Personal Krav Maga trainieren konnten, sondern weltweit auch Zivilbürger. Was uns wichtig ist: „perceive all obstacles and mistakes [&hellip;]</p>

Seminare & Kurse, Workshops & Camps werden an verschiedenen Indoor- & Outdoor-Locations im Rhein-Main-Gebiet veranstaltet und können außerdem von Sport- und anderen Vereinen, Kampfsportclubs und Fitnessstudios, Behörden, Firmen, Ausbildungs- und Privatgruppen in deren Räumen – je nach Interesse und Vorerfahrung der Teilnehmer – gebucht werden. Ihre Ausrichtung richtet sich nach…

Ähnlicher Beitrag

Beispiel-Videos für Trainings unter realen Bedingungen - outdoor & indoor https://youtu.be/u4g3g2gVAwo Frauen-Selbstverteidigung https://youtu.be/59_Att7aKLo CQC-Indoor-Training in einem Abbruchhaus

Über uns

Das Amphibium - mobiles Leben zu Land, Wasser, Luft Ein Amphibium ist ein Lebewesen, das sowohl im Wasser, am Wasser und an Land lebt und in beiden Sphären gleichermaßen existieren kann. Luft braucht es zum Atmen, aber es kann nicht fliegen. Dornier Flugboot Do 24 ATT Als Anfang des vorigen…

Kobudo ist ein Teil der traditionellen japanischen Kampfkünste und lehrt überwiegend den Umgang mit Instrumenten, die die Bauern Okinawas aus agrarischen Hilfsinstrumenten entwickelten. Dazu kommen verschiedene Stock-Formen. (Definition Kobudo in der Wikipedia). Zuweilen übt man auch den Umgang mit dem japanischen traditionellen Schwert (Katana), um den Angreifer sinnvoll simulieren zu…

[Das Nachfolge-Projekt des Krav Maga Centers Frankfurt/Rhein-Main] rōnin 浪人, jap. wörtl. „Wellenmann“, lit. „umherwandernde Person“krav maga קרב מגע , hebr., wörtl. „Kontaktkampf“ roninkravmaga bietet als mobile Schule Seminare & Kurse, Workshops & Camps zur körperlichen, seelischen & geistigen Fitness in herausfordernden Umständen an. Dabei geht es nicht nur um physisches…
