{"id":1169,"date":"2016-06-19T20:20:46","date_gmt":"2016-06-19T18:20:46","guid":{"rendered":"http:\/\/www.bechmann.org\/amphibium\/?page_id=1169"},"modified":"2025-06-06T14:03:23","modified_gmt":"2025-06-06T12:03:23","slug":"flohmarkt","status":"publish","type":"page","link":"https:\/\/www.bechmann.org\/amphibium\/flohmarkt\/","title":{"rendered":"Flohmarkt"},"content":{"rendered":"<h2>Flohmarkt bei eBay bzw. Kleinanzeigen:<\/h2>\n<p>Wir sind immer dabei, unsere Ausr\u00fcstung f\u00fcr unsere Zwecke zu optimieren \u2013 da bleibt es nicht aus, dass das ein oder andere Teil aussortiert wird. Das hei\u00dft aber nicht, dass es vielleicht f\u00fcr andere von Nutzen sein kann &#8211; darunter Rucks\u00e4cke, Sporttaschen, Trainingsutensilien\u00a0wie auch andere Gegenst\u00e4nde aus den Bereichen Freizeit, Sport und Outdoor, sowie B\u00fcro und Haushalt.<\/p>\n<p>Der kleine Flohmarkt findet sich \u00fcberwiegend bei den <strong><a href=\"https:\/\/www.ebay-kleinanzeigen.de\/s-bestandsliste.html?userId=45445698\" target=\"_blank\" rel=\"noopener\">Kleinanzeigen (hier klicken&#8230;)<\/a><\/strong>, einige St\u00fccke auch bei <strong><a href=\"https:\/\/www.ebay.de\/usr\/petercaeners\" target=\"_blank\" rel=\"noopener\">eBay (hier klicken&#8230;) <\/a><\/strong><a href=\"https:\/\/www.ebay.de\/usr\/petercaeners\" target=\"_blank\" rel=\"noopener\">(Achtung: Pseudonym &#8218;Peter Caeners&#8216;)<\/a><\/p>\n","protected":false},"excerpt":{"rendered":"<p>Flohmarkt bei eBay bzw. Kleinanzeigen: Wir sind immer dabei, unsere Ausr\u00fcstung f\u00fcr unsere Zwecke zu optimieren \u2013 da bleibt es nicht aus, dass das ein oder andere Teil aussortiert wird. Das hei\u00dft aber nicht, dass es vielleicht f\u00fcr andere von Nutzen sein kann &#8211; darunter Rucks\u00e4cke, Sporttaschen, Trainingsutensilien\u00a0wie auch andere Gegenst\u00e4nde aus den Bereichen Freizeit, [&hellip;]<\/p>\n","protected":false},"author":1,"featured_media":0,"parent":0,"menu_order":9,"comment_status":"closed","ping_status":"closed","template":"","meta":{"jetpack_post_was_ever_published":false,"footnotes":""},"class_list":["post-1169","page","type-page","status-publish","hentry"],"jetpack_shortlink":"https:\/\/wp.me\/P4DyUk-iR","jetpack-related-posts":[{"id":6979,"url":"https:\/\/www.bechmann.org\/amphibium\/roninkravmaga\/mindfulness-based-stress-reduction-mbsr\/mbsr-achtsamkeitsschulung\/","url_meta":{"origin":1169,"position":0},"title":"MBSR-Achtsamkeitsschulung","author":"Oliver","date":"19. August 2023","format":false,"excerpt":"Achtsamkeit nach dem MBSR-Programm ist ein seit 30 Jahren erprobtes und wissenschaftlich evaluiertes Verfahren, mit dem unvermeidlichen Stress und Schmerz im Leben besser umgehen zu lernen. Entwickelt wurde das \u201eMindfulness-Based-Stress-Reduction\u201c-Training von Jon Kabat-Zinn, einem Verhaltensmediziner und Molekularbiologen. Im achtw\u00f6chigen MBSR-Training lernt man ein kraftvolles, neurowissenschaftlich fundiertes Stressmanagement kennen, das hilft,\u2026","rel":"","context":"\u00c4hnlicher Beitrag","block_context":{"text":"\u00c4hnlicher Beitrag","link":""},"img":{"alt_text":"","src":"https:\/\/i0.wp.com\/www.bechmann.org\/amphibium\/wp-content\/uploads\/cropped-RKM_Graphik_schmal-1.jpg?fit=1200%2C496&ssl=1&resize=350%2C200","width":350,"height":200,"srcset":"https:\/\/i0.wp.com\/www.bechmann.org\/amphibium\/wp-content\/uploads\/cropped-RKM_Graphik_schmal-1.jpg?fit=1200%2C496&ssl=1&resize=350%2C200 1x, https:\/\/i0.wp.com\/www.bechmann.org\/amphibium\/wp-content\/uploads\/cropped-RKM_Graphik_schmal-1.jpg?fit=1200%2C496&ssl=1&resize=525%2C300 1.5x, https:\/\/i0.wp.com\/www.bechmann.org\/amphibium\/wp-content\/uploads\/cropped-RKM_Graphik_schmal-1.jpg?fit=1200%2C496&ssl=1&resize=700%2C400 2x, https:\/\/i0.wp.com\/www.bechmann.org\/amphibium\/wp-content\/uploads\/cropped-RKM_Graphik_schmal-1.jpg?fit=1200%2C496&ssl=1&resize=1050%2C600 3x"},"classes":[]},{"id":6965,"url":"https:\/\/www.bechmann.org\/amphibium\/roninkravmaga\/mindfulness-based-stress-reduction-mbsr\/","url_meta":{"origin":1169,"position":1},"title":"Mindfulness Based Stress Reduction (MBSR)","author":"Oliver","date":"19. August 2023","format":false,"excerpt":"Stress im Job oder Verlust des Arbeitsplatzes, Beziehung gescheitert oder \u00c4rger mit dem Nachwuchs, demente Eltern, eine lebensbedrohliche Krankheit \u2013 das\u00a0\u00a0kann jede und jeden treffen. Manche Menschen zerbrechen an Schicksalsschl\u00e4gen, werden drogen-, alkohol- oder medikamentenabh\u00e4ngig, verfallen in Burn-out und Depression. Andere haben st\u00e4rkere Ressourcen, um Krisen zu \u00fcberstehen: Diese innere\u2026","rel":"","context":"\u00c4hnlicher Beitrag","block_context":{"text":"\u00c4hnlicher Beitrag","link":""},"img":{"alt_text":"","src":"https:\/\/i0.wp.com\/www.bechmann.org\/amphibium\/wp-content\/uploads\/cropped-RKM_Graphik_schmal-1.jpg?fit=1200%2C496&ssl=1&resize=350%2C200","width":350,"height":200,"srcset":"https:\/\/i0.wp.com\/www.bechmann.org\/amphibium\/wp-content\/uploads\/cropped-RKM_Graphik_schmal-1.jpg?fit=1200%2C496&ssl=1&resize=350%2C200 1x, https:\/\/i0.wp.com\/www.bechmann.org\/amphibium\/wp-content\/uploads\/cropped-RKM_Graphik_schmal-1.jpg?fit=1200%2C496&ssl=1&resize=525%2C300 1.5x, https:\/\/i0.wp.com\/www.bechmann.org\/amphibium\/wp-content\/uploads\/cropped-RKM_Graphik_schmal-1.jpg?fit=1200%2C496&ssl=1&resize=700%2C400 2x, https:\/\/i0.wp.com\/www.bechmann.org\/amphibium\/wp-content\/uploads\/cropped-RKM_Graphik_schmal-1.jpg?fit=1200%2C496&ssl=1&resize=1050%2C600 3x"},"classes":[]},{"id":343,"url":"https:\/\/www.bechmann.org\/amphibium\/impressum-kontakt\/regeln\/","url_meta":{"origin":1169,"position":2},"title":"Regeln","author":"Oliver","date":"31. August 2014","format":false,"excerpt":"Dies ist ein Weblog \u00fcber Reisen. Bei Blogs und \u00e4hnlichen Web-Auftritten handelt es sich um eine Art digitales Wohnzimmer - also einen Ort, \u00fcber den man selbst bestimmt und in den man G\u00e4ste einladen kann. Aber nicht muss. Und wenn G\u00e4ste sich nicht zu benehmen wissen, setzt man sie vor\u2026","rel":"","context":"\u00c4hnlicher Beitrag","block_context":{"text":"\u00c4hnlicher Beitrag","link":""},"img":{"alt_text":"","src":"","width":0,"height":0},"classes":[]},{"id":337,"url":"https:\/\/www.bechmann.org\/amphibium\/impressum-kontakt\/datenschutzerklaerung\/","url_meta":{"origin":1169,"position":3},"title":"Datenschutzerkl\u00e4rung","author":"Oliver","date":"31. August 2014","format":false,"excerpt":"Datenschutzerkl\u00e4rung Diese Datenschutzerkl\u00e4rung kl\u00e4rt Sie \u00fcber die Art, den Umfang und Zweck der Verarbeitung von personenbezogenen Daten (nachfolgend kurz \u201eDaten\u201c) innerhalb unseres Onlineangebotes und der mit ihm verbundenen Webseiten, Funktionen und Inhalte sowie externen Onlinepr\u00e4senzen, wie z.B. unser Social Media Profile auf. (nachfolgend gemeinsam bezeichnet als \u201eOnlineangebot\u201c). Im Hinblick auf\u2026","rel":"","context":"\u00c4hnlicher Beitrag","block_context":{"text":"\u00c4hnlicher Beitrag","link":""},"img":{"alt_text":"","src":"","width":0,"height":0},"classes":[]},{"id":2,"url":"https:\/\/www.bechmann.org\/amphibium\/ueberdasamphibium\/","url_meta":{"origin":1169,"position":4},"title":"\u00dcber uns","author":"Oliver","date":"15. Mai 2014","format":false,"excerpt":"Das Amphibium - mobiles Leben zu Land, Wasser, Luft Ein Amphibium ist ein Lebewesen, das sowohl im Wasser, am Wasser und an Land lebt und in beiden Sph\u00e4ren gleicherma\u00dfen existieren kann. Luft braucht es zum Atmen, aber es kann nicht fliegen. Dornier Flugboot Do 24 ATT Als Anfang des vorigen\u2026","rel":"","context":"\u00c4hnlicher Beitrag","block_context":{"text":"\u00c4hnlicher Beitrag","link":""},"img":{"alt_text":"","src":"https:\/\/i0.wp.com\/www.bechmann.org\/amphibium\/wp-content\/uploads\/ojbNr5_kl.jpeg?resize=350%2C200&ssl=1","width":350,"height":200,"srcset":"https:\/\/i0.wp.com\/www.bechmann.org\/amphibium\/wp-content\/uploads\/ojbNr5_kl.jpeg?resize=350%2C200&ssl=1 1x, https:\/\/i0.wp.com\/www.bechmann.org\/amphibium\/wp-content\/uploads\/ojbNr5_kl.jpeg?resize=525%2C300&ssl=1 1.5x, https:\/\/i0.wp.com\/www.bechmann.org\/amphibium\/wp-content\/uploads\/ojbNr5_kl.jpeg?resize=700%2C400&ssl=1 2x, https:\/\/i0.wp.com\/www.bechmann.org\/amphibium\/wp-content\/uploads\/ojbNr5_kl.jpeg?resize=1050%2C600&ssl=1 3x, https:\/\/i0.wp.com\/www.bechmann.org\/amphibium\/wp-content\/uploads\/ojbNr5_kl.jpeg?resize=1400%2C800&ssl=1 4x"},"classes":[]},{"id":6973,"url":"https:\/\/www.bechmann.org\/amphibium\/roninkravmaga\/krav-maga\/krav-maga-seminare-kurse\/","url_meta":{"origin":1169,"position":5},"title":"Krav Maga-Seminare &amp; Kurse","author":"Oliver","date":"19. August 2023","format":false,"excerpt":"Seminare & Kurse, Workshops & Camps werden an verschiedenen Indoor- & Outdoor-Locations im Rhein-Main-Gebiet veranstaltet und k\u00f6nnen au\u00dferdem von Sport- und anderen Vereinen, Kampfsportclubs und Fitnessstudios, Beh\u00f6rden, Firmen, Ausbildungs- und Privatgruppen in deren R\u00e4umen \u2013 je nach Interesse und Vorerfahrung der Teilnehmer \u2013 gebucht werden. Ihre Ausrichtung richtet sich nach\u2026","rel":"","context":"\u00c4hnlicher Beitrag","block_context":{"text":"\u00c4hnlicher Beitrag","link":""},"img":{"alt_text":"","src":"","width":0,"height":0},"classes":[]}],"jetpack_sharing_enabled":true,"_links":{"self":[{"href":"https:\/\/www.bechmann.org\/amphibium\/wp-json\/wp\/v2\/pages\/1169","targetHints":{"allow":["GET"]}}],"collection":[{"href":"https:\/\/www.bechmann.org\/amphibium\/wp-json\/wp\/v2\/pages"}],"about":[{"href":"https:\/\/www.bechmann.org\/amphibium\/wp-json\/wp\/v2\/types\/page"}],"author":[{"embeddable":true,"href":"https:\/\/www.bechmann.org\/amphibium\/wp-json\/wp\/v2\/users\/1"}],"replies":[{"embeddable":true,"href":"https:\/\/www.bechmann.org\/amphibium\/wp-json\/wp\/v2\/comments?post=1169"}],"version-history":[{"count":21,"href":"https:\/\/www.bechmann.org\/amphibium\/wp-json\/wp\/v2\/pages\/1169\/revisions"}],"predecessor-version":[{"id":9583,"href":"https:\/\/www.bechmann.org\/amphibium\/wp-json\/wp\/v2\/pages\/1169\/revisions\/9583"}],"wp:attachment":[{"href":"https:\/\/www.bechmann.org\/amphibium\/wp-json\/wp\/v2\/media?parent=1169"}],"curies":[{"name":"wp","href":"https:\/\/api.w.org\/{rel}","templated":true}]}}