{"id":4390,"date":"2020-01-22T10:11:12","date_gmt":"2020-01-22T09:11:12","guid":{"rendered":"http:\/\/www.bechmann.org\/amphibium\/wp-content\/uploads\/DSC01478-2.jpg"},"modified":"2020-04-14T16:43:56","modified_gmt":"2020-04-14T14:43:56","slug":"dsc01478-2-jpg","status":"inherit","type":"attachment","link":"https:\/\/www.bechmann.org\/amphibium\/dsc01478-2-jpg\/","title":{"rendered":"DSC01478-2.jpg"},"author":1,"featured_media":0,"comment_status":"closed","ping_status":"closed","template":"","meta":{"jetpack_post_was_ever_published":false},"class_list":["post-4390","attachment","type-attachment","status-inherit","hentry"],"jetpack_shortlink":"https:\/\/wp.me\/a4DyUk-18O","jetpack_sharing_enabled":true,"description":{"rendered":"<p class=\"attachment\"><a href=\"https:\/\/i0.wp.com\/www.bechmann.org\/amphibium\/wp-content\/uploads\/DSC01478-2.jpg?ssl=1\"><img loading=\"lazy\" decoding=\"async\" width=\"300\" height=\"200\" src=\"https:\/\/i0.wp.com\/www.bechmann.org\/amphibium\/wp-content\/uploads\/DSC01478-2.jpg?fit=300%2C200&amp;ssl=1\" class=\"attachment-medium size-medium\" alt=\"Wellen-umtostes Kap\" srcset=\"https:\/\/i0.wp.com\/www.bechmann.org\/amphibium\/wp-content\/uploads\/DSC01478-2.jpg?w=1152&amp;ssl=1 1152w, https:\/\/i0.wp.com\/www.bechmann.org\/amphibium\/wp-content\/uploads\/DSC01478-2.jpg?resize=300%2C200&amp;ssl=1 300w, https:\/\/i0.wp.com\/www.bechmann.org\/amphibium\/wp-content\/uploads\/DSC01478-2.jpg?resize=1024%2C683&amp;ssl=1 1024w, https:\/\/i0.wp.com\/www.bechmann.org\/amphibium\/wp-content\/uploads\/DSC01478-2.jpg?resize=768%2C512&amp;ssl=1 768w, https:\/\/i0.wp.com\/www.bechmann.org\/amphibium\/wp-content\/uploads\/DSC01478-2.jpg?resize=624%2C416&amp;ssl=1 624w\" sizes=\"auto, (max-width: 300px) 100vw, 300px\" data-attachment-id=\"4390\" data-permalink=\"https:\/\/www.bechmann.org\/amphibium\/dsc01478-2-jpg\/\" data-orig-file=\"https:\/\/i0.wp.com\/www.bechmann.org\/amphibium\/wp-content\/uploads\/DSC01478-2.jpg?fit=1152%2C768&amp;ssl=1\" data-orig-size=\"1152,768\" data-comments-opened=\"0\" data-image-meta=\"{&quot;aperture&quot;:&quot;0&quot;,&quot;credit&quot;:&quot;&quot;,&quot;camera&quot;:&quot;&quot;,&quot;caption&quot;:&quot;&quot;,&quot;created_timestamp&quot;:&quot;0&quot;,&quot;copyright&quot;:&quot;&quot;,&quot;focal_length&quot;:&quot;0&quot;,&quot;iso&quot;:&quot;0&quot;,&quot;shutter_speed&quot;:&quot;0&quot;,&quot;title&quot;:&quot;&quot;,&quot;orientation&quot;:&quot;0&quot;}\" data-image-title=\"DSC01478-2.jpg\" data-image-description=\"&lt;p&gt;Cap Point: Wellen umtosen den s\u00fcdlichsten Zipfel Afrikas &amp;#8211; der n\u00e4chster Landgang gen S\u00fcden w\u00e4re erst wieder in der Antarktis m\u00f6glich. &lt;\/p&gt;\n\" data-image-caption=\"&lt;p&gt;Wellen-umtostes Kap&lt;\/p&gt;\n\" data-large-file=\"https:\/\/i0.wp.com\/www.bechmann.org\/amphibium\/wp-content\/uploads\/DSC01478-2.jpg?fit=625%2C417&amp;ssl=1\" \/><\/a><\/p>\n<p>Cap Point: Wellen umtosen den s\u00fcdlichsten Zipfel Afrikas &#8211; der n\u00e4chster Landgang gen S\u00fcden w\u00e4re erst wieder in der Antarktis m\u00f6glich. <\/p>\n"},"caption":{"rendered":"<p>Wellen-umtostes Kap<\/p>\n"},"alt_text":"Wellen-umtostes Kap","media_type":"image","mime_type":"image\/jpeg","media_details":{"width":1152,"height":768,"file":"DSC01478-2.jpg","sizes":{"medium":{"file":"DSC01478-2-300x200.jpg","width":300,"height":200,"mime_type":"image\/jpeg","source_url":"https:\/\/i0.wp.com\/www.bechmann.org\/amphibium\/wp-content\/uploads\/DSC01478-2.jpg?fit=300%2C200&ssl=1"},"large":{"file":"DSC01478-2-1024x683.jpg","width":1024,"height":683,"mime_type":"image\/jpeg","source_url":"https:\/\/i0.wp.com\/www.bechmann.org\/amphibium\/wp-content\/uploads\/DSC01478-2.jpg?fit=625%2C417&ssl=1"},"thumbnail":{"file":"DSC01478-2-150x150.jpg","width":150,"height":150,"mime_type":"image\/jpeg","source_url":"https:\/\/i0.wp.com\/www.bechmann.org\/amphibium\/wp-content\/uploads\/DSC01478-2.jpg?resize=150%2C150&ssl=1"},"medium_large":{"file":"DSC01478-2-768x512.jpg","width":768,"height":512,"mime_type":"image\/jpeg","source_url":"https:\/\/i0.wp.com\/www.bechmann.org\/amphibium\/wp-content\/uploads\/DSC01478-2.jpg?fit=625%2C417&ssl=1"},"post-thumbnail":{"file":"DSC01478-2-624x416.jpg","width":624,"height":416,"mime_type":"image\/jpeg","source_url":"https:\/\/i0.wp.com\/www.bechmann.org\/amphibium\/wp-content\/uploads\/DSC01478-2.jpg?fit=624%2C416&ssl=1"},"jetpack-portfolio-admin-thumb":{"file":"DSC01478-2-50x50.jpg","width":50,"height":50,"mime_type":"image\/jpeg","source_url":"https:\/\/www.bechmann.org\/amphibium\/wp-content\/uploads\/DSC01478-2-50x50.jpg"},"full":{"file":"DSC01478-2.jpg?fit=1152%2C768&ssl=1","width":1152,"height":768,"mime_type":"image\/jpeg","source_url":"https:\/\/i0.wp.com\/www.bechmann.org\/amphibium\/wp-content\/uploads\/DSC01478-2.jpg?fit=1152%2C768&ssl=1"}},"image_meta":{"aperture":"0","credit":"","camera":"","caption":"","created_timestamp":"0","copyright":"","focal_length":"0","iso":"0","shutter_speed":"0","title":"","orientation":"0","keywords":[]}},"post":null,"source_url":"https:\/\/www.bechmann.org\/amphibium\/wp-content\/uploads\/DSC01478-2.jpg","_links":{"self":[{"href":"https:\/\/www.bechmann.org\/amphibium\/wp-json\/wp\/v2\/media\/4390","targetHints":{"allow":["GET"]}}],"collection":[{"href":"https:\/\/www.bechmann.org\/amphibium\/wp-json\/wp\/v2\/media"}],"about":[{"href":"https:\/\/www.bechmann.org\/amphibium\/wp-json\/wp\/v2\/types\/attachment"}],"author":[{"embeddable":true,"href":"https:\/\/www.bechmann.org\/amphibium\/wp-json\/wp\/v2\/users\/1"}]}}

<p class="attachment"><a href="https://i0.wp.com/www.bechmann.org/amphibium/wp-content/uploads/DSC01478-2.jpg?ssl=1"><img loading="lazy" decoding="async" width="300" height="200" src="https://i0.wp.com/www.bechmann.org/amphibium/wp-content/uploads/DSC01478-2.jpg?fit=300%2C200&amp;ssl=1" class="attachment-medium size-medium" alt="Wellen-umtostes Kap" srcset="https://i0.wp.com/www.bechmann.org/amphibium/wp-content/uploads/DSC01478-2.jpg?w=1152&amp;ssl=1 1152w, https://i0.wp.com/www.bechmann.org/amphibium/wp-content/uploads/DSC01478-2.jpg?resize=300%2C200&amp;ssl=1 300w, https://i0.wp.com/www.bechmann.org/amphibium/wp-content/uploads/DSC01478-2.jpg?resize=1024%2C683&amp;ssl=1 1024w, https://i0.wp.com/www.bechmann.org/amphibium/wp-content/uploads/DSC01478-2.jpg?resize=768%2C512&amp;ssl=1 768w, https://i0.wp.com/www.bechmann.org/amphibium/wp-content/uploads/DSC01478-2.jpg?resize=624%2C416&amp;ssl=1 624w" sizes="auto, (max-width: 300px) 100vw, 300px" data-attachment-id="4390" data-permalink="https://www.bechmann.org/amphibium/dsc01478-2-jpg/" data-orig-file="https://i0.wp.com/www.bechmann.org/amphibium/wp-content/uploads/DSC01478-2.jpg?fit=1152%2C768&amp;ssl=1" data-orig-size="1152,768" data-comments-opened="0" data-image-meta="{&quot;aperture&quot;:&quot;0&quot;,&quot;credit&quot;:&quot;&quot;,&quot;camera&quot;:&quot;&quot;,&quot;caption&quot;:&quot;&quot;,&quot;created_timestamp&quot;:&quot;0&quot;,&quot;copyright&quot;:&quot;&quot;,&quot;focal_length&quot;:&quot;0&quot;,&quot;iso&quot;:&quot;0&quot;,&quot;shutter_speed&quot;:&quot;0&quot;,&quot;title&quot;:&quot;&quot;,&quot;orientation&quot;:&quot;0&quot;}" data-image-title="DSC01478-2.jpg" data-image-description="&lt;p&gt;Cap Point: Wellen umtosen den südlichsten Zipfel Afrikas &amp;#8211; der nächster Landgang gen Süden wäre erst wieder in der Antarktis möglich. &lt;/p&gt;
" data-image-caption="&lt;p&gt;Wellen-umtostes Kap&lt;/p&gt;
" data-large-file="https://i0.wp.com/www.bechmann.org/amphibium/wp-content/uploads/DSC01478-2.jpg?fit=625%2C417&amp;ssl=1" /></a></p>
<p>Cap Point: Wellen umtosen den südlichsten Zipfel Afrikas &#8211; der nächster Landgang gen Süden wäre erst wieder in der Antarktis möglich. </p>
